Dec 02 06:01:59.181 INFO testing Laerciominozzo/Controle-Gastos against master#8940af3cea4a9a9deabcaf843b2f8cad9a83fc61 for beta-1.31-5
Dec 02 06:01:59.181 INFO running `"docker" "create" "-v" "/mnt/big/crater/work/local/target-dirs/beta-1.31-5/worker-3/master#8940af3cea4a9a9deabcaf843b2f8cad9a83fc61:/target:rw,Z" "-v" "/mnt/big/crater/work/local/test-source/worker-3/beta-1.31-5/master#8940af3cea4a9a9deabcaf843b2f8cad9a83fc61:/source:ro,Z" "-v" "/mnt/big/crater/work/local/cargo-home:/cargo-home:ro,Z" "-v" "/mnt/big/crater/work/local/rustup-home:/rustup-home:ro,Z" "-e" "USER_ID=1000" "-e" "SOURCE_DIR=/source" "-e" "USER_ID=1000" "-e" "CMD=cargo +8940af3cea4a9a9deabcaf843b2f8cad9a83fc61-alt build --frozen" "-e" "CARGO_TARGET_DIR=/target" "-e" "CARGO_INCREMENTAL=0" "-e" "RUST_BACKTRACE=full" "-e" "RUSTFLAGS=--cap-lints=warn" "-e" "CARGO_HOME=/cargo-home" "-e" "RUSTUP_HOME=/rustup-home" "-m" "1536M" "--network" "none" "crater"`
Dec 02 06:01:59.906 INFO [stdout] 4df1cb2a9d0bbf6dffe087b3519b6c972c77ad0a930d9842fecfcbf8c54c78fa
Dec 02 06:01:59.908 INFO running `"docker" "start" "-a" "4df1cb2a9d0bbf6dffe087b3519b6c972c77ad0a930d9842fecfcbf8c54c78fa"`
Dec 02 06:02:01.109 INFO [stderr] usermod: no changes
Dec 02 06:02:01.457 INFO [stderr]    Compiling pear_codegen v0.0.20
Dec 02 06:02:01.458 INFO [stderr]    Compiling rocket v0.3.17
Dec 02 06:02:01.458 INFO [stderr]    Compiling rocket_codegen v0.3.17
Dec 02 06:02:01.459 INFO [stderr]    Compiling handlebars v0.28.3
Dec 02 06:02:01.459 INFO [stderr]    Compiling tera v0.10.10
Dec 02 06:02:01.459 INFO [stderr]    Compiling ring v0.11.0
Dec 02 06:02:01.767 INFO [stderr] error: failed to run custom build command for `rocket v0.3.17`
Dec 02 06:02:01.767 INFO [stderr] process didn't exit successfully: `/target/debug/build/rocket-6877f3be50dcc505/build-script-build` (exit code: 101)
Dec 02 06:02:01.767 INFO [stderr] --- stderr
Dec 02 06:02:01.767 INFO [stderr] [1;31mError:[0m [37mRocket requires a nightly or dev version of Rust.[0m
Dec 02 06:02:01.767 INFO [stderr] [37mInstalled version is:[0m [33m1.31.0-beta.20 (2018-11-30)[0m. [37mMinimum required:[0m [33m1.27.0-nightly (2018-04-26)[0m.
Dec 02 06:02:01.767 INFO [stderr] [34mSee the getting started guide ([0m[37mhttps://rocket.rs/guide/getting-started/[0m[34m) for more information.[0m
Dec 02 06:02:01.767 INFO [stderr] thread 'main' panicked at 'Aborting compilation due to incompatible compiler.', /cargo-home/registry/src/github.com-1ecc6299db9ec823/rocket-0.3.17/build.rs:38:13
Dec 02 06:02:01.767 INFO [stderr] stack backtrace:
Dec 02 06:02:01.767 INFO [stderr]    0:     0x556cfaf9c4bf - std::sys::unix::backtrace::tracing::imp::unwind_backtrace::h3a8b83e1922cbdde
Dec 02 06:02:01.767 INFO [stderr]                                at libstd/sys/unix/backtrace/tracing/gcc_s.rs:49
Dec 02 06:02:01.768 INFO [stderr]    1:     0x556cfafa7e97 - std::sys_common::backtrace::print::h00d3155a29b4020f
Dec 02 06:02:01.768 INFO [stderr]                                at libstd/sys_common/backtrace.rs:71
Dec 02 06:02:01.768 INFO [stderr]                                at libstd/sys_common/backtrace.rs:59
Dec 02 06:02:01.768 INFO [stderr]    2:     0x556cfafa0d5f - std::panicking::default_hook::{{closure}}::hd7465c742e79e1bb
Dec 02 06:02:01.768 INFO [stderr]                                at libstd/panicking.rs:211
Dec 02 06:02:01.768 INFO [stderr]    3:     0x556cfafa0ac4 - std::panicking::default_hook::h9e3966f2aa2a6e12
Dec 02 06:02:01.768 INFO [stderr]                                at libstd/panicking.rs:227
Dec 02 06:02:01.768 INFO [stderr]    4:     0x556cfafa138e - std::panicking::rust_panic_with_hook::h587f091ae747d080
Dec 02 06:02:01.768 INFO [stderr]                                at libstd/panicking.rs:476
Dec 02 06:02:01.768 INFO [stderr]    5:     0x556cfaf72ef3 - std::panicking::begin_panic::h23eecaef6526ec18
Dec 02 06:02:01.768 INFO [stderr]                                at libstd/panicking.rs:410
Dec 02 06:02:01.768 INFO [stderr]    6:     0x556cfaf70fb5 - build_script_build::main::hf4a58592e5df52f0
Dec 02 06:02:01.768 INFO [stderr]                                at /cargo-home/registry/src/github.com-1ecc6299db9ec823/rocket-0.3.17/build.rs:38
Dec 02 06:02:01.768 INFO [stderr]    7:     0x556cfaf737df - std::rt::lang_start::{{closure}}::hfed5074a970f8a15
Dec 02 06:02:01.768 INFO [stderr]                                at libstd/rt.rs:74
Dec 02 06:02:01.768 INFO [stderr]    8:     0x556cfafa0e02 - std::panicking::try::do_call::h52e7f80ff0fdcc45
Dec 02 06:02:01.768 INFO [stderr]                                at libstd/rt.rs:59
Dec 02 06:02:01.768 INFO [stderr]                                at libstd/panicking.rs:310
Dec 02 06:02:01.768 INFO [stderr]    9:     0x556cfafb2e49 - __rust_maybe_catch_panic
Dec 02 06:02:01.768 INFO [stderr]                                at libpanic_unwind/lib.rs:102
Dec 02 06:02:01.768 INFO [stderr]   10:     0x556cfaf90b1a - std::rt::lang_start_internal::h38cae898de7f805c
Dec 02 06:02:01.768 INFO [stderr]                                at libstd/panicking.rs:289
Dec 02 06:02:01.768 INFO [stderr]                                at libstd/panic.rs:392
Dec 02 06:02:01.768 INFO [stderr]                                at libstd/rt.rs:58
Dec 02 06:02:01.768 INFO [stderr]   11:     0x556cfaf737b8 - std::rt::lang_start::h646c4981e0fa06cc
Dec 02 06:02:01.768 INFO [stderr]                                at libstd/rt.rs:74
Dec 02 06:02:01.768 INFO [stderr]   12:     0x556cfaf71e89 - main
Dec 02 06:02:01.768 INFO [stderr]   13:     0x7f4f53baf82f - __libc_start_main
Dec 02 06:02:01.768 INFO [stderr]   14:     0x556cfaf70658 - _start
Dec 02 06:02:01.768 INFO [stderr]   15:                0x0 - <unknown>
Dec 02 06:02:01.768 INFO [stderr] 
Dec 02 06:02:01.768 INFO [stderr] warning: build failed, waiting for other jobs to finish...
Dec 02 06:02:01.783 INFO [stderr] error: failed to run custom build command for `pear_codegen v0.0.20`
Dec 02 06:02:01.783 INFO [stderr] process didn't exit successfully: `/target/debug/build/pear_codegen-545f8475d142af57/build-script-build` (exit code: 101)
Dec 02 06:02:01.783 INFO [stderr] --- stderr
Dec 02 06:02:01.783 INFO [stderr] [1;31mError:[0m [37mPear requires a nightly or dev version of Rust.[0m
Dec 02 06:02:01.783 INFO [stderr] [37mInstalled version is:[0m [33m1.31.0-beta.20 (2018-11-30)[0m. [37mMinimum required:[0m [33m1.30.0-nightly (2018-08-23)[0m.
Dec 02 06:02:01.783 INFO [stderr] thread 'main' panicked at 'Aborting compilation due to incompatible compiler.', /cargo-home/registry/src/github.com-1ecc6299db9ec823/pear_codegen-0.0.20/build.rs:31:13
Dec 02 06:02:01.783 INFO [stderr] stack backtrace:
Dec 02 06:02:01.783 INFO [stderr]    0:     0x55f3f39ea27f - std::sys::unix::backtrace::tracing::imp::unwind_backtrace::h3a8b83e1922cbdde
Dec 02 06:02:01.783 INFO [stderr]                                at libstd/sys/unix/backtrace/tracing/gcc_s.rs:49
Dec 02 06:02:01.783 INFO [stderr]    1:     0x55f3f39f5c57 - std::sys_common::backtrace::print::h00d3155a29b4020f
Dec 02 06:02:01.783 INFO [stderr]                                at libstd/sys_common/backtrace.rs:71
Dec 02 06:02:01.783 INFO [stderr]                                at libstd/sys_common/backtrace.rs:59
Dec 02 06:02:01.783 INFO [stderr]    2:     0x55f3f39eeb1f - std::panicking::default_hook::{{closure}}::hd7465c742e79e1bb
Dec 02 06:02:01.783 INFO [stderr]                                at libstd/panicking.rs:211
Dec 02 06:02:01.783 INFO [stderr]    3:     0x55f3f39ee884 - std::panicking::default_hook::h9e3966f2aa2a6e12
Dec 02 06:02:01.783 INFO [stderr]                                at libstd/panicking.rs:227
Dec 02 06:02:01.783 INFO [stderr]    4:     0x55f3f39ef14e - std::panicking::rust_panic_with_hook::h587f091ae747d080
Dec 02 06:02:01.783 INFO [stderr]                                at libstd/panicking.rs:476
Dec 02 06:02:01.783 INFO [stderr]    5:     0x55f3f39c0cb3 - std::panicking::begin_panic::h4e3730271beb8b92
Dec 02 06:02:01.783 INFO [stderr]                                at libstd/panicking.rs:410
Dec 02 06:02:01.783 INFO [stderr]    6:     0x55f3f39bed78 - build_script_build::main::hd397855388fb565b
Dec 02 06:02:01.783 INFO [stderr]                                at /cargo-home/registry/src/github.com-1ecc6299db9ec823/pear_codegen-0.0.20/build.rs:31
Dec 02 06:02:01.783 INFO [stderr]    7:     0x55f3f39c159f - std::rt::lang_start::{{closure}}::h7b3193c265bb446b
Dec 02 06:02:01.783 INFO [stderr]                                at libstd/rt.rs:74
Dec 02 06:02:01.783 INFO [stderr]    8:     0x55f3f39eebc2 - std::panicking::try::do_call::h52e7f80ff0fdcc45
Dec 02 06:02:01.783 INFO [stderr]                                at libstd/rt.rs:59
Dec 02 06:02:01.783 INFO [stderr]                                at libstd/panicking.rs:310
Dec 02 06:02:01.783 INFO [stderr]    9:     0x55f3f3a00c09 - __rust_maybe_catch_panic
Dec 02 06:02:01.783 INFO [stderr]                                at libpanic_unwind/lib.rs:102
Dec 02 06:02:01.783 INFO [stderr]   10:     0x55f3f39de8da - std::rt::lang_start_internal::h38cae898de7f805c
Dec 02 06:02:01.783 INFO [stderr]                                at libstd/panicking.rs:289
Dec 02 06:02:01.783 INFO [stderr]                                at libstd/panic.rs:392
Dec 02 06:02:01.783 INFO [stderr]                                at libstd/rt.rs:58
Dec 02 06:02:01.783 INFO [stderr]   11:     0x55f3f39c1578 - std::rt::lang_start::h40513075cbc2edc4
Dec 02 06:02:01.783 INFO [stderr]                                at libstd/rt.rs:74
Dec 02 06:02:01.783 INFO [stderr]   12:     0x55f3f39bfc49 - main
Dec 02 06:02:01.783 INFO [stderr]   13:     0x7ffb298cd82f - __libc_start_main
Dec 02 06:02:01.783 INFO [stderr]   14:     0x55f3f39be658 - _start
Dec 02 06:02:01.783 INFO [stderr]   15:                0x0 - <unknown>
Dec 02 06:02:01.783 INFO [stderr] 
Dec 02 06:02:01.783 INFO [stderr] warning: build failed, waiting for other jobs to finish...
Dec 02 06:02:01.787 INFO [stderr] error: failed to run custom build command for `rocket_codegen v0.3.17`
Dec 02 06:02:01.787 INFO [stderr] process didn't exit successfully: `/target/debug/build/rocket_codegen-3a54d251231151b7/build-script-build` (exit code: 101)
Dec 02 06:02:01.787 INFO [stderr] --- stderr
Dec 02 06:02:01.787 INFO [stderr] [1;31mError:[0m [37mRocket requires a nightly or dev version of Rust.[0m
Dec 02 06:02:01.787 INFO [stderr] [37mInstalled version is:[0m [33m1.31.0-beta.20 (2018-11-30)[0m. [37mMinimum required:[0m [33m1.30.0-nightly (2018-08-23)[0m.
Dec 02 06:02:01.787 INFO [stderr] [34mSee the getting started guide ([0m[37mhttps://rocket.rs/guide/getting-started/[0m[34m) for more information.[0m
Dec 02 06:02:01.787 INFO [stderr] thread 'main' panicked at 'Aborting compilation due to incompatible compiler.', /cargo-home/registry/src/github.com-1ecc6299db9ec823/rocket_codegen-0.3.17/build.rs:38:17
Dec 02 06:02:01.787 INFO [stderr] stack backtrace:
Dec 02 06:02:01.787 INFO [stderr]    0:     0x55a66f8834af - std::sys::unix::backtrace::tracing::imp::unwind_backtrace::h3a8b83e1922cbdde
Dec 02 06:02:01.787 INFO [stderr]                                at libstd/sys/unix/backtrace/tracing/gcc_s.rs:49
Dec 02 06:02:01.787 INFO [stderr]    1:     0x55a66f88ee87 - std::sys_common::backtrace::print::h00d3155a29b4020f
Dec 02 06:02:01.787 INFO [stderr]                                at libstd/sys_common/backtrace.rs:71
Dec 02 06:02:01.787 INFO [stderr]                                at libstd/sys_common/backtrace.rs:59
Dec 02 06:02:01.787 INFO [stderr]    2:     0x55a66f887d4f - std::panicking::default_hook::{{closure}}::hd7465c742e79e1bb
Dec 02 06:02:01.787 INFO [stderr]                                at libstd/panicking.rs:211
Dec 02 06:02:01.787 INFO [stderr]    3:     0x55a66f887ab4 - std::panicking::default_hook::h9e3966f2aa2a6e12
Dec 02 06:02:01.787 INFO [stderr]                                at libstd/panicking.rs:227
Dec 02 06:02:01.787 INFO [stderr]    4:     0x55a66f88837e - std::panicking::rust_panic_with_hook::h587f091ae747d080
Dec 02 06:02:01.787 INFO [stderr]                                at libstd/panicking.rs:476
Dec 02 06:02:01.787 INFO [stderr]    5:     0x55a66f859ee3 - std::panicking::begin_panic::h3cdb33aadd4ba46c
Dec 02 06:02:01.787 INFO [stderr]                                at libstd/panicking.rs:410
Dec 02 06:02:01.787 INFO [stderr]    6:     0x55a66f857fb4 - build_script_build::main::hf707b40a95e32645
Dec 02 06:02:01.787 INFO [stderr]                                at /cargo-home/registry/src/github.com-1ecc6299db9ec823/rocket_codegen-0.3.17/build.rs:38
Dec 02 06:02:01.787 INFO [stderr]    7:     0x55a66f85a7cf - std::rt::lang_start::{{closure}}::h6448f073247729bf
Dec 02 06:02:01.787 INFO [stderr]                                at libstd/rt.rs:74
Dec 02 06:02:01.787 INFO [stderr]    8:     0x55a66f887df2 - std::panicking::try::do_call::h52e7f80ff0fdcc45
Dec 02 06:02:01.787 INFO [stderr]                                at libstd/rt.rs:59
Dec 02 06:02:01.787 INFO [stderr]                                at libstd/panicking.rs:310
Dec 02 06:02:01.787 INFO [stderr]    9:     0x55a66f899e39 - __rust_maybe_catch_panic
Dec 02 06:02:01.787 INFO [stderr]                                at libpanic_unwind/lib.rs:102
Dec 02 06:02:01.787 INFO [stderr]   10:     0x55a66f877b0a - std::rt::lang_start_internal::h38cae898de7f805c
Dec 02 06:02:01.787 INFO [stderr]                                at libstd/panicking.rs:289
Dec 02 06:02:01.787 INFO [stderr]                                at libstd/panic.rs:392
Dec 02 06:02:01.787 INFO [stderr]                                at libstd/rt.rs:58
Dec 02 06:02:01.787 INFO [stderr]   11:     0x55a66f85a7a8 - std::rt::lang_start::h3a7d4f3d64909f8d
Dec 02 06:02:01.787 INFO [stderr]                                at libstd/rt.rs:74
Dec 02 06:02:01.787 INFO [stderr]   12:     0x55a66f858e79 - main
Dec 02 06:02:01.787 INFO [stderr]   13:     0x7f6bffcc482f - __libc_start_main
Dec 02 06:02:01.787 INFO [stderr]   14:     0x55a66f857658 - _start
Dec 02 06:02:01.787 INFO [stderr]   15:                0x0 - <unknown>
Dec 02 06:02:01.787 INFO [stderr] 
Dec 02 06:02:01.787 INFO [stderr] warning: build failed, waiting for other jobs to finish...
Dec 02 06:02:16.465 INFO [stderr] error: build failed
Dec 02 06:02:16.465 INFO [stderr] su: No module specific data is present
Dec 02 06:02:17.096 INFO running `"docker" "inspect" "4df1cb2a9d0bbf6dffe087b3519b6c972c77ad0a930d9842fecfcbf8c54c78fa"`
Dec 02 06:02:17.413 INFO running `"docker" "rm" "-f" "4df1cb2a9d0bbf6dffe087b3519b6c972c77ad0a930d9842fecfcbf8c54c78fa"`
Dec 02 06:02:17.796 INFO [stdout] 4df1cb2a9d0bbf6dffe087b3519b6c972c77ad0a930d9842fecfcbf8c54c78fa
